{"id":12333,"date":"2018-07-02T16:15:44","date_gmt":"2018-07-02T14:15:44","guid":{"rendered":"https:\/\/www.suncamp.nl\/blog\/?post_type=listing&#038;p=12333"},"modified":"2023-02-22T15:59:16","modified_gmt":"2023-02-22T14:59:16","slug":"der-tour-de-france-auf-den-fersen-1","status":"publish","type":"listing","link":"https:\/\/www.suncamp.de\/blog\/listing\/der-tour-de-france-auf-den-fersen-1\/","title":{"rendered":"Der Tour de France auf den Fersen (1)"},"content":{"rendered":"<p><strong>M\u00f6chtet ihr euren Campingurlaub mit einem Besuch des gr\u00f6\u00dften Radsportevents der Welt kombinieren? Die Rennfahrer der Tour de France ziehen zwischen dem 7. und 29. Juli erneut durch Frankreich, und das ist nat\u00fcrlich die perfekte Gelegenheit, sie einmal live in Aktion zu erleben. M\u00f6chtet ihr wissen, wo ihr am besten euer Reisemobil parken bzw. euer Zelt aufschlagen solltet? Ich habe f\u00fcnf Campingtipps f\u00fcr euch, bei denen ihr nicht nur die franz\u00f6sische Landschaft, sondern auch die Tour de France genie\u00dfen k\u00f6nnt! Heute Teil 1 mit den ersten beiden Tipps.<\/strong><\/p>\n<p>Die 105. Ausgabe der <i>Grande Boucle<\/i> ist eine nahezu 100-prozentig franz\u00f6sische Angelegenheit. Von den 3.351 zu absolvierenden Kilometern f\u00fchren nur 16 \u00fcber nichtfranz\u00f6sisches Hoheitsgebiet. W\u00e4hrend in anderen Jahren der Startpunkt nicht selten in einem anderen europ\u00e4ischen Land lag \u2013 im vorigen Jahr starteten die Rennfahrer beispielsweise in D\u00fcsseldorf \u2013, findet die Tour diesmal fast ausschlie\u00dflich in Frankreich\u00a0statt. Das ist eine gute Nachricht f\u00fcr Camper, die in ihrem <a href=\"https:\/\/www.suncamp.de\/frankreich\/\">Frankreichurlaub<\/a> gerne etwas von der Tour de France mitbekommen m\u00f6chten.<\/p>\n<p><img loading=\"lazy\" decoding=\"async\" class=\"alignnone wp-image-12285 size-full\" title=\"Camping bei der Tour de France\" src=\"https:\/\/www.suncamp.nl\/blog\/wp-content\/uploads\/2018\/06\/SC_inzet-1_600x263.jpg\" alt=\"Camping bei der Tour de France\" width=\"600\" height=\"263\" srcset=\"https:\/\/www.suncamp.de\/blog\/wp-content\/uploads\/2018\/06\/SC_inzet-1_600x263.jpg 600w, https:\/\/www.suncamp.de\/blog\/wp-content\/uploads\/2018\/06\/SC_inzet-1_600x263-300x132.jpg 300w\" sizes=\"auto, (max-width: 600px) 100vw, 600px\" \/><\/p>\n<p>Teil 1 enth\u00e4lt die ersten zwei Campingtipps f\u00fcr den Beginn der <a href=\"https:\/\/www.letour.fr\/de\/\" target=\"_blank\" rel=\"noopener noreferrer\">Tour de France<\/a>. In diesem ersten Abschnitt fahren die Rennfahrer in neun Etappen von der Atlantikk\u00fcste in der Vend\u00e9e in die \u201eheilige\u201c Radrennfahrerstadt Roubaix an der belgischen Grenze.<\/p>\n<h2>Tipp 1: Le Grand D\u00e9part im Pays de la Loire<\/h2>\n<p><i>Samstag 7. Juli, Sonntag, 8. Juli und Montag, 9. Juli<\/i><\/p>\n<p>Der Startschuss f\u00fcr die Tour de France f\u00e4llt in der Region <a href=\"https:\/\/www.suncamp.de\/campsite\/search\/q\/region-geographical:131\/#fq=duration%3A7&amp;rows=6\" target=\"_blank\" rel=\"noopener noreferrer\">Pays de la Loire<\/a>, genauer gesagt auf der \u00cele de Noirmoutier. Diese Insel ist vom Festland \u00fcber eine \u201enormale\u201c Stra\u00dfe zu erreichen; eine Br\u00fccke oder F\u00e4hre wird nicht ben\u00f6tigt. Das Timing allerdings muss gut sein, denn die Passage du Gois steht bei Flut unter Wasser. Sie kommt nur bei Ebbe zum Vorschein. Schon in den Jahren 2011 und 1999 stand diese rutschige Stra\u00dfe auf der Streckenkarte, und insbesondere die Passage von 1999 ist ber\u00fcchtigt. Michael Boogerd musste nach einem Massensturz auf der Passage du Gois den Wettkampf abbrechen, und der Schweizer Alex Z\u00fclle verlor dadurch gut sechs Minuten auf den sp\u00e4teren Sieger Lance Armstrong.<\/p>\n<p><img loading=\"lazy\" decoding=\"async\" class=\"alignnone wp-image-12287 size-full\" title=\"Die Passage du Gois bildet die Verbindung zwischen der \u00cele de Noirmoutier und dem Festland\" src=\"https:\/\/www.suncamp.nl\/blog\/wp-content\/uploads\/2018\/06\/SC_inzet-2_600x263.jpg\" alt=\"Die Passage du Gois bildet die Verbindung zwischen der \u00cele de Noirmoutier und dem Festland\" width=\"600\" height=\"263\" srcset=\"https:\/\/www.suncamp.de\/blog\/wp-content\/uploads\/2018\/06\/SC_inzet-2_600x263.jpg 600w, https:\/\/www.suncamp.de\/blog\/wp-content\/uploads\/2018\/06\/SC_inzet-2_600x263-300x132.jpg 300w\" sizes=\"auto, (max-width: 600px) 100vw, 600px\" \/><\/p>\n<p>Die Fahrer der Tour de France sind also gewarnt, wenn sie die Insel erneut auf diesem Weg verlassen werden. Auf den anschlie\u00dfenden 201 Kilometern nach Fontenay-le-Comte wird sich herausstellen, wer sich das erste gelbe Trikot \u00fcber die Schultern h\u00e4ngen darf. Wenn man sich zwischen dem 7. und 10. Juli in dieser Region aufh\u00e4lt, kommt man um die Tour de France eigentlich nicht herum, denn auch am Sonntag, den 8. Juli (Flachetappe von Mouilleron-Saint-Germain nach La Roche-sur-Yon) und Montag, den 9. Juli (Mannschaftszeitfahren in Cholet) bleiben die Radrennfahrer im Pays de la Loire.<\/p>\n<p>Es gibt also M\u00f6glichkeiten genug, die Tourhelden in Aktion zu sehen, aber auch die malerische Gegend l\u00e4sst keine Langeweile aufkommen. Steigt auch selbst einmal aufs Rad oder zieht die Wanderschuhe an. Ihr werdet schon bald entdecken, warum diese wald- und schl\u00f6sserreiche, h\u00fcgelige Region <em>der Garten Frankreichs<\/em> genannt wird. Au\u00dferdem lockt an den Ufern der Loire nicht nur die sch\u00f6ne Landschaft, sondern auch die pulsierende Hauptstadt der Region, Nantes, sowie zahlreiche andere authentische franz\u00f6sische St\u00e4dte und D\u00f6rfer.<\/p>\n<p>Unbedingt empfehlenswert sind die Str\u00e4nde und Badeorte an der Atlantikk\u00fcste. In La Baule (zugleich Startpunkt der vierten Etappe am Dienstag, den 10. Juli) und Les Sables-d\u2019Olonne kann man nicht nur herrliche Strandtage verbringen, sondern in den Stra\u00dfencaf\u00e9s an der Promenade k\u00f6stliche Erfrischungen und St\u00e4rkungen zu sich nehmen. Auf kulinarischer Ebene ist die Loire-Region bekannt f\u00fcr ihr frisches Gem\u00fcse und Obst, die guten \u00f6rtlichen Weine und f\u00fcr Rillauds d\u2019Anjou (Schweineschmorfleisch). Fischliebhaber kommen vor allem an der K\u00fcste auf ihre Kosten, und die Austern aus dieser Gegend z\u00e4hlen zu den besten der Welt!<\/p>\n\n<h2>Tipp 2: Der Charme der Bretagne<\/h2>\n<p><i>Mittwoch, 11. Juli und Donnerstag, 12. Juli<\/i><\/p>\n<p>Nachdem die Radrennfahrer das Pays de la Loire verlassen haben, nehmen sie Kurs in Richtung <a href=\"https:\/\/www.suncamp.de\/campsite\/search\/q\/region-geographical:196\/#fq=duration%3A7&amp;rows=6\" target=\"_blank\" rel=\"noopener noreferrer\">Bretagne<\/a>. Etappe f\u00fcnf beginnt in Lorient und endet in Quimper, einen Tag sp\u00e4ter f\u00e4hrt das Peloton von Brest nach M\u00fbr-de-Bretagne. Hier erwartet die Fahrer eine spektakul\u00e4re und schwierige Einfahrt in den Zielort: Der gleichnamige, zwei Kilometer lange Anstieg hat eine Steigung von durchschnittlich 6,9 Prozent. Wer wei\u00df, vielleicht k\u00f6nnen die Favoriten f\u00fcr den Gesamtsieg hier bereits ihre erste Schlacht schlagen, und es gibt am Ende dieser Etappe einen neuen Tr\u00e4ger des gelben Trikots?<\/p>\n<p>Wenn ihr euren Urlaub in dieser Zeit ebenfalls auf der franz\u00f6sischen Halbinsel zubringt, habt ihr also zwei M\u00f6glichkeiten, der Tourkarawane zu begegnen und eure Favoriten anzufeuern. Aber auch die \u00fcbrigen Urlaubstage werden in dieser abwechslungsreichen Umgebung nur so vorbeifliegen: Raue K\u00fcstenabschnitte, breite Str\u00e4nde und bezaubernde kleine Inseln sind schon f\u00fcr sich eine Reise wert.<\/p>\n<p><img loading=\"lazy\" decoding=\"async\" class=\"alignnone wp-image-12289 size-full\" title=\"Der Charme der Bretagne\" src=\"https:\/\/www.suncamp.nl\/blog\/wp-content\/uploads\/2018\/06\/SC_inzet-3_600x263.jpg\" alt=\"Der Charme der Bretagne\" width=\"600\" height=\"263\" srcset=\"https:\/\/www.suncamp.de\/blog\/wp-content\/uploads\/2018\/06\/SC_inzet-3_600x263.jpg 600w, https:\/\/www.suncamp.de\/blog\/wp-content\/uploads\/2018\/06\/SC_inzet-3_600x263-300x132.jpg 300w\" sizes=\"auto, (max-width: 600px) 100vw, 600px\" \/><\/p>\n<p>Im S\u00fcden der Bretagne\u00a0findet man gro\u00dfartige Str\u00e4nde, die f\u00fcr Sonnenanbeter ebenso geeignet sind wie f\u00fcr Wassersportler. Insbesondere die Gegend um Quimper, die Bucht von Concarneau, ist ein Paradies f\u00fcr Surfer. Im Norden zieht die C\u00f4te de Granit Ros die Aufmerksamkeit auf sich: eine beeindruckende K\u00fcste mit den erstaunlichsten Felsformationen in Rosat\u00f6nen. Die Bucht von Morlaix mit der charakteristischen Hafenstadt Roscoff und der wundersch\u00f6nen \u00cele de Batz ist einer der H\u00f6hepunkte dieser Gegend.<\/p>\n<p>Der franz\u00f6sische Adel hat die Sch\u00f6nheit der Bretagne schon vor langer Zeit entdeckt. Die imposanten Sommersitze und Schl\u00f6sser der einstigen Aristokratie sind auch heute noch zu bewundern. Vielfach stammen diese Bauwerke aus dem Mittelalter und der Renaissance \u2013 der Zeit, in der der sagenumwobene Wald von Broc\u00e9liande seinen Ruhm erlangte. In diesem Wald im Herzen der Bretagne, in dem die Artussage spielt, herrscht auch heute noch eine geheimnisvolle Atmosph\u00e4re. Auf einer Wanderung kann man hier Sehensw\u00fcrdigkeiten wie das Grab des Zauberers Merlin (Tombeau de Merlin, Teil einer Megalithanlage) und die Fontaine de Barenton, eine Quelle aus den Legenden um Merlin und K\u00f6nig Artur, entdecken.<\/p>\n<div class=\"jcarousel-wrapper\"><div class=\"jcarousel\"><ul class=\"camping-slider\"><li><figure class=\"slide-image\"><img loading=\"lazy\" decoding=\"async\" src=\"https:\/\/cdn.acsi.eu\/6\/8\/8\/8\/6888a76bbd609.jpg\" alt=\"Camping Sandaya Le Ranolien *****\" height=\"133\" width=\"198\"><div class=\"slide-overlay\"><a target=\"_blank\" href=\"https:\/\/www.suncamp.de\/frankreich\/bretagne\/cotes-d-armor\/perros-guirec\/camping-sandaya-le-ranolien-100252\/\">Info & Buchen<\/a><\/div><\/figure><div class=\"slide-title\"><a target=\"_blank\" href=\"https:\/\/www.suncamp.de\/frankreich\/bretagne\/cotes-d-armor\/perros-guirec\/camping-sandaya-le-ranolien-100252\/\">Camping Sandaya Le Ranoli...<\/a><\/div><\/li><li><figure class=\"slide-image\"><img loading=\"lazy\" decoding=\"async\" src=\"https:\/\/cdn.acsi.eu\/6\/7\/f\/5\/67f52748d0cc7.jpg\" alt=\"Camping Sandaya L&#039;Escale Saint-Gilles *****\" height=\"133\" width=\"198\"><div class=\"slide-overlay\"><a target=\"_blank\" href=\"https:\/\/www.suncamp.de\/frankreich\/bretagne\/finistere\/benodet\/camping-sandaya-l-escale-saint-gilles-103219\/\">Info & Buchen<\/a><\/div><\/figure><div class=\"slide-title\"><a target=\"_blank\" href=\"https:\/\/www.suncamp.de\/frankreich\/bretagne\/finistere\/benodet\/camping-sandaya-l-escale-saint-gilles-103219\/\">Camping Sandaya L&#039;Escale ...<\/a><\/div><\/li><li><figure class=\"slide-image\"><img loading=\"lazy\" decoding=\"async\" src=\"https:\/\/cdn.acsi.eu\/6\/9\/4\/1\/694171722bda9.jpg\" alt=\"Camping Domaine de L&#039;Orangerie de Lanniron *****\" height=\"133\" width=\"198\"><div class=\"slide-overlay\"><a target=\"_blank\" href=\"https:\/\/www.suncamp.de\/frankreich\/bretagne\/finistere\/quimper\/camping-domaine-de-l-orangerie-de-lanniron-103213\/\">Info & Buchen<\/a><\/div><\/figure><div class=\"slide-title\"><a target=\"_blank\" href=\"https:\/\/www.suncamp.de\/frankreich\/bretagne\/finistere\/quimper\/camping-domaine-de-l-orangerie-de-lanniron-103213\/\">Camping Domaine de L&#039;Oran...<\/a><\/div><\/li><\/ul><\/div><\/div>\n<p>N\u00e4chste Woche erscheint <a href=\"https:\/\/www.suncamp.de\/blog\/listing\/der-tour-de-france-auf-den-fersen-2\/\">Teil 2<\/a> dieses Blogs. Dann begleite ich euch weiter auf der <a href=\"https:\/\/www.letour.fr\/de\/allgemeine-strecke\" target=\"_blank\" rel=\"noopener noreferrer\">Route der Tour de France 2018<\/a> und gebe drei neue Tipps, um einen Urlaub in Frankreich mit einem Besuch dieses Radsportevents zu kombinieren.<\/p>\n","protected":false},"excerpt":{"rendered":"<p>M\u00f6chtet ihr euren Campingurlaub mit einem Besuch des gr\u00f6\u00dften Radsportevents der Welt kombinieren? Die Rennfahrer der Tour de France ziehen zwischen dem 7. und 29. Juli erneut durch Frankreich, und das ist nat\u00fcrlich die perfekte Gelegenheit, sie einmal live in Aktion zu erleben. M\u00f6chtet ihr wissen, wo ihr am besten euer Reisemobil parken bzw. euer Zelt aufschlagen solltet? Ich habe f\u00fcnf Campingtipps f\u00fcr euch, bei denen ihr nicht nur die franz\u00f6sische Landschaft, sondern auch die Tour de France genie\u00dfen k\u00f6nnt! Heute Teil 1 mit den ersten beiden Tipps.<\/p>\n","protected":false},"author":35,"featured_media":12335,"comment_status":"open","ping_status":"closed","template":"","meta":{"_acf_changed":false,"footnotes":""},"class_list":["post-12333","listing","type-listing","status-publish","has-post-thumbnail","hentry","listing_type-ausflugstipps","listing_location-frankreich"],"acf":[],"_links":{"self":[{"href":"https:\/\/www.suncamp.de\/blog\/wp-json\/wp\/v2\/listing\/12333","targetHints":{"allow":["GET"]}}],"collection":[{"href":"https:\/\/www.suncamp.de\/blog\/wp-json\/wp\/v2\/listing"}],"about":[{"href":"https:\/\/www.suncamp.de\/blog\/wp-json\/wp\/v2\/types\/listing"}],"author":[{"embeddable":true,"href":"https:\/\/www.suncamp.de\/blog\/wp-json\/wp\/v2\/users\/35"}],"replies":[{"embeddable":true,"href":"https:\/\/www.suncamp.de\/blog\/wp-json\/wp\/v2\/comments?post=12333"}],"version-history":[{"count":18,"href":"https:\/\/www.suncamp.de\/blog\/wp-json\/wp\/v2\/listing\/12333\/revisions"}],"predecessor-version":[{"id":36691,"href":"https:\/\/www.suncamp.de\/blog\/wp-json\/wp\/v2\/listing\/12333\/revisions\/36691"}],"wp:featuredmedia":[{"embeddable":true,"href":"https:\/\/www.suncamp.de\/blog\/wp-json\/wp\/v2\/media\/12335"}],"wp:attachment":[{"href":"https:\/\/www.suncamp.de\/blog\/wp-json\/wp\/v2\/media?parent=12333"}],"curies":[{"name":"wp","href":"https:\/\/api.w.org\/{rel}","templated":true}]}}

<p><strong>Möchtet ihr euren Campingurlaub mit einem Besuch des größten Radsportevents der Welt kombinieren? Die Rennfahrer der Tour de France ziehen zwischen dem 7. und 29. Juli erneut durch Frankreich, und das ist natürlich die perfekte Gelegenheit, sie einmal live in Aktion zu erleben. Möchtet ihr wissen, wo ihr am besten euer Reisemobil parken bzw. euer Zelt aufschlagen solltet? Ich habe fünf Campingtipps für euch, bei denen ihr nicht nur die französische Landschaft, sondern auch die Tour de France genießen könnt! Heute Teil 1 mit den ersten beiden Tipps.</strong></p>
<p>Die 105. Ausgabe der <i>Grande Boucle</i> ist eine nahezu 100-prozentig französische Angelegenheit. Von den 3.351 zu absolvierenden Kilometern führen nur 16 über nichtfranzösisches Hoheitsgebiet. Während in anderen Jahren der Startpunkt nicht selten in einem anderen europäischen Land lag – im vorigen Jahr starteten die Rennfahrer beispielsweise in Düsseldorf –, findet die Tour diesmal fast ausschließlich in Frankreich statt. Das ist eine gute Nachricht für Camper, die in ihrem <a href="https://www.suncamp.de/frankreich/">Frankreichurlaub</a> gerne etwas von der Tour de France mitbekommen möchten.</p>
<p><img loading="lazy" decoding="async" class="alignnone wp-image-12285 size-full" title="Camping bei der Tour de France" src="https://www.suncamp.nl/blog/wp-content/uploads/2018/06/SC_inzet-1_600x263.jpg" alt="Camping bei der Tour de France" width="600" height="263" srcset="https://www.suncamp.de/blog/wp-content/uploads/2018/06/SC_inzet-1_600x263.jpg 600w, https://www.suncamp.de/blog/wp-content/uploads/2018/06/SC_inzet-1_600x263-300x132.jpg 300w" sizes="auto, (max-width: 600px) 100vw, 600px" /></p>
<p>Teil 1 enthält die ersten zwei Campingtipps für den Beginn der <a href="https://www.letour.fr/de/" target="_blank" rel="noopener noreferrer">Tour de France</a>. In diesem ersten Abschnitt fahren die Rennfahrer in neun Etappen von der Atlantikküste in der Vendée in die „heilige“ Radrennfahrerstadt Roubaix an der belgischen Grenze.</p>
<h2>Tipp 1: Le Grand Départ im Pays de la Loire</h2>
<p><i>Samstag 7. Juli, Sonntag, 8. Juli und Montag, 9. Juli</i></p>
<p>Der Startschuss für die Tour de France fällt in der Region <a href="https://www.suncamp.de/campsite/search/q/region-geographical:131/#fq=duration%3A7&amp;rows=6" target="_blank" rel="noopener noreferrer">Pays de la Loire</a>, genauer gesagt auf der Île de Noirmoutier. Diese Insel ist vom Festland über eine „normale“ Straße zu erreichen; eine Brücke oder Fähre wird nicht benötigt. Das Timing allerdings muss gut sein, denn die Passage du Gois steht bei Flut unter Wasser. Sie kommt nur bei Ebbe zum Vorschein. Schon in den Jahren 2011 und 1999 stand diese rutschige Straße auf der Streckenkarte, und insbesondere die Passage von 1999 ist berüchtigt. Michael Boogerd musste nach einem Massensturz auf der Passage du Gois den Wettkampf abbrechen, und der Schweizer Alex Zülle verlor dadurch gut sechs Minuten auf den späteren Sieger Lance Armstrong.</p>
<p><img loading="lazy" decoding="async" class="alignnone wp-image-12287 size-full" title="Die Passage du Gois bildet die Verbindung zwischen der Île de Noirmoutier und dem Festland" src="https://www.suncamp.nl/blog/wp-content/uploads/2018/06/SC_inzet-2_600x263.jpg" alt="Die Passage du Gois bildet die Verbindung zwischen der Île de Noirmoutier und dem Festland" width="600" height="263" srcset="https://www.suncamp.de/blog/wp-content/uploads/2018/06/SC_inzet-2_600x263.jpg 600w, https://www.suncamp.de/blog/wp-content/uploads/2018/06/SC_inzet-2_600x263-300x132.jpg 300w" sizes="auto, (max-width: 600px) 100vw, 600px" /></p>
<p>Die Fahrer der Tour de France sind also gewarnt, wenn sie die Insel erneut auf diesem Weg verlassen werden. Auf den anschließenden 201 Kilometern nach Fontenay-le-Comte wird sich herausstellen, wer sich das erste gelbe Trikot über die Schultern hängen darf. Wenn man sich zwischen dem 7. und 10. Juli in dieser Region aufhält, kommt man um die Tour de France eigentlich nicht herum, denn auch am Sonntag, den 8. Juli (Flachetappe von Mouilleron-Saint-Germain nach La Roche-sur-Yon) und Montag, den 9. Juli (Mannschaftszeitfahren in Cholet) bleiben die Radrennfahrer im Pays de la Loire.</p>
<p>Es gibt also Möglichkeiten genug, die Tourhelden in Aktion zu sehen, aber auch die malerische Gegend lässt keine Langeweile aufkommen. Steigt auch selbst einmal aufs Rad oder zieht die Wanderschuhe an. Ihr werdet schon bald entdecken, warum diese wald- und schlösserreiche, hügelige Region <em>der Garten Frankreichs</em> genannt wird. Außerdem lockt an den Ufern der Loire nicht nur die schöne Landschaft, sondern auch die pulsierende Hauptstadt der Region, Nantes, sowie zahlreiche andere authentische französische Städte und Dörfer.</p>
<p>Unbedingt empfehlenswert sind die Strände und Badeorte an der Atlantikküste. In La Baule (zugleich Startpunkt der vierten Etappe am Dienstag, den 10. Juli) und Les Sables-d’Olonne kann man nicht nur herrliche Strandtage verbringen, sondern in den Straßencafés an der Promenade köstliche Erfrischungen und Stärkungen zu sich nehmen. Auf kulinarischer Ebene ist die Loire-Region bekannt für ihr frisches Gemüse und Obst, die guten örtlichen Weine und für Rillauds d’Anjou (Schweineschmorfleisch). Fischliebhaber kommen vor allem an der Küste auf ihre Kosten, und die Austern aus dieser Gegend zählen zu den besten der Welt!</p>

<h2>Tipp 2: Der Charme der Bretagne</h2>
<p><i>Mittwoch, 11. Juli und Donnerstag, 12. Juli</i></p>
<p>Nachdem die Radrennfahrer das Pays de la Loire verlassen haben, nehmen sie Kurs in Richtung <a href="https://www.suncamp.de/campsite/search/q/region-geographical:196/#fq=duration%3A7&amp;rows=6" target="_blank" rel="noopener noreferrer">Bretagne</a>. Etappe fünf beginnt in Lorient und endet in Quimper, einen Tag später fährt das Peloton von Brest nach Mûr-de-Bretagne. Hier erwartet die Fahrer eine spektakuläre und schwierige Einfahrt in den Zielort: Der gleichnamige, zwei Kilometer lange Anstieg hat eine Steigung von durchschnittlich 6,9 Prozent. Wer weiß, vielleicht können die Favoriten für den Gesamtsieg hier bereits ihre erste Schlacht schlagen, und es gibt am Ende dieser Etappe einen neuen Träger des gelben Trikots?</p>
<p>Wenn ihr euren Urlaub in dieser Zeit ebenfalls auf der französischen Halbinsel zubringt, habt ihr also zwei Möglichkeiten, der Tourkarawane zu begegnen und eure Favoriten anzufeuern. Aber auch die übrigen Urlaubstage werden in dieser abwechslungsreichen Umgebung nur so vorbeifliegen: Raue Küstenabschnitte, breite Strände und bezaubernde kleine Inseln sind schon für sich eine Reise wert.</p>
<p><img loading="lazy" decoding="async" class="alignnone wp-image-12289 size-full" title="Der Charme der Bretagne" src="https://www.suncamp.nl/blog/wp-content/uploads/2018/06/SC_inzet-3_600x263.jpg" alt="Der Charme der Bretagne" width="600" height="263" srcset="https://www.suncamp.de/blog/wp-content/uploads/2018/06/SC_inzet-3_600x263.jpg 600w, https://www.suncamp.de/blog/wp-content/uploads/2018/06/SC_inzet-3_600x263-300x132.jpg 300w" sizes="auto, (max-width: 600px) 100vw, 600px" /></p>
<p>Im Süden der Bretagne findet man großartige Strände, die für Sonnenanbeter ebenso geeignet sind wie für Wassersportler. Insbesondere die Gegend um Quimper, die Bucht von Concarneau, ist ein Paradies für Surfer. Im Norden zieht die Côte de Granit Ros die Aufmerksamkeit auf sich: eine beeindruckende Küste mit den erstaunlichsten Felsformationen in Rosatönen. Die Bucht von Morlaix mit der charakteristischen Hafenstadt Roscoff und der wunderschönen Île de Batz ist einer der Höhepunkte dieser Gegend.</p>
<p>Der französische Adel hat die Schönheit der Bretagne schon vor langer Zeit entdeckt. Die imposanten Sommersitze und Schlösser der einstigen Aristokratie sind auch heute noch zu bewundern. Vielfach stammen diese Bauwerke aus dem Mittelalter und der Renaissance – der Zeit, in der der sagenumwobene Wald von Brocéliande seinen Ruhm erlangte. In diesem Wald im Herzen der Bretagne, in dem die Artussage spielt, herrscht auch heute noch eine geheimnisvolle Atmosphäre. Auf einer Wanderung kann man hier Sehenswürdigkeiten wie das Grab des Zauberers Merlin (Tombeau de Merlin, Teil einer Megalithanlage) und die Fontaine de Barenton, eine Quelle aus den Legenden um Merlin und König Artur, entdecken.</p>
<div class="jcarousel-wrapper"><div class="jcarousel"><ul class="camping-slider"><li><figure class="slide-image"><img loading="lazy" decoding="async" src="https://cdn.acsi.eu/6/8/8/8/6888a76bbd609.jpg" alt="Camping Sandaya Le Ranolien *****" height="133" width="198"><div class="slide-overlay"><a target="_blank" href="https://www.suncamp.de/frankreich/bretagne/cotes-d-armor/perros-guirec/camping-sandaya-le-ranolien-100252/">Info & Buchen</a></div></figure><div class="slide-title"><a target="_blank" href="https://www.suncamp.de/frankreich/bretagne/cotes-d-armor/perros-guirec/camping-sandaya-le-ranolien-100252/">Camping Sandaya Le Ranoli...</a></div></li><li><figure class="slide-image"><img loading="lazy" decoding="async" src="https://cdn.acsi.eu/6/7/f/5/67f52748d0cc7.jpg" alt="Camping Sandaya L&#039;Escale Saint-Gilles *****" height="133" width="198"><div class="slide-overlay"><a target="_blank" href="https://www.suncamp.de/frankreich/bretagne/finistere/benodet/camping-sandaya-l-escale-saint-gilles-103219/">Info & Buchen</a></div></figure><div class="slide-title"><a target="_blank" href="https://www.suncamp.de/frankreich/bretagne/finistere/benodet/camping-sandaya-l-escale-saint-gilles-103219/">Camping Sandaya L&#039;Escale ...</a></div></li><li><figure class="slide-image"><img loading="lazy" decoding="async" src="https://cdn.acsi.eu/6/9/4/1/694171722bda9.jpg" alt="Camping Domaine de L&#039;Orangerie de Lanniron *****" height="133" width="198"><div class="slide-overlay"><a target="_blank" href="https://www.suncamp.de/frankreich/bretagne/finistere/quimper/camping-domaine-de-l-orangerie-de-lanniron-103213/">Info & Buchen</a></div></figure><div class="slide-title"><a target="_blank" href="https://www.suncamp.de/frankreich/bretagne/finistere/quimper/camping-domaine-de-l-orangerie-de-lanniron-103213/">Camping Domaine de L&#039;Oran...</a></div></li></ul></div></div>
<p>Nächste Woche erscheint <a href="https://www.suncamp.de/blog/listing/der-tour-de-france-auf-den-fersen-2/">Teil 2</a> dieses Blogs. Dann begleite ich euch weiter auf der <a href="https://www.letour.fr/de/allgemeine-strecke" target="_blank" rel="noopener noreferrer">Route der Tour de France 2018</a> und gebe drei neue Tipps, um einen Urlaub in Frankreich mit einem Besuch dieses Radsportevents zu kombinieren.</p>

<p>Möchtet ihr euren Campingurlaub mit einem Besuch des größten Radsportevents der Welt kombinieren? Die Rennfahrer der Tour de France ziehen zwischen dem 7. und 29. Juli erneut durch Frankreich, und das ist natürlich die perfekte Gelegenheit, sie einmal live in Aktion zu erleben. Möchtet ihr wissen, wo ihr am besten euer Reisemobil parken bzw. euer Zelt aufschlagen solltet? Ich habe fünf Campingtipps für euch, bei denen ihr nicht nur die französische Landschaft, sondern auch die Tour de France genießen könnt! Heute Teil 1 mit den ersten beiden Tipps.</p>
